se 6) in base 13?
81c2a1
Convert fd4be (base 16) to base 7.
11550534
Convert 1013033312013 (base 4) to base 7.
314516160
What is -1320424034 (base 5) in base 14?
-61adc3
Convert 110000100001101110011000 (base 2) to base 16.
c21b98
36254233 (base 8) to base 12
27b61b7
Convert b071c (base 16) to base 12.
2aa2a4
What is 2257c57 (base 13) in base 4?
220101101020
Convert -50378 (base 16) to base 14.
-87a52
Convert 210110112210 (base 3) to base 10.
422490
What is 1a113 (base 13) in base 3?
2120120101
What is 2c75044 (base 13) in base 12?
496711a
-6b2c05 (base 13) to base 6
-130341540
What is 313381 (base 9) in base 12?
8b917
What is 13a8766 (base 11) in base 9?
4476527
Convert -101001101000011011 (base 2) to base 5.
-20424043
Convert 2d3a57 (base 16) to base 13.
7ca1a3
Convert 232312033 (base 4) to base 5.
22120022
What is -100001100011111101111 (base 2) in base 4?
-10030133233
46c00 (base 13) to base 8
374656
Convert 650631 (base 8) to base 5.
23424442
Convert 1030313003 (base 4) to base 15.
6342e
What is 21123 (base 14) in base 10?
79803
Convert -26841 (base 11) to base 2.
-1001010110001001
What is 425414 (base 6) in base 3?
1202220201
Convert 3159a (base 14) to base 11.
81540
-13a941 (base 11) to base 12
-a6b8a
Convert 54842 (base 10) to base 4.
31120322
3056230 (base 7) to base 4
1121220121
What is 1bd07 (base 16) in base 3?
12210021112
Convert 2344303 (base 6) to base 16.
1dfaf
887628 (base 15) to base 3
110020111012102
What is -3604770 (base 8) in base 2?
-11110000100111111000
What is -198b3 (base 12) in base 5?
-2200300
-110011011011010000111111 (base 2) to base 11
-7678546
What is -2521411 (base 7) in base 14?
-86478
-2242321324 (base 5) to base 3
-100111011110001
What is -112302301112 (base 4) in base 16?
-5b2c56
Convert 136be (base 15) to base 7.
346400
Convert -512671 (base 9) to base 16.
-4a2c6
7763e (base 15) to base 11
23a068
What is -24908 (base 11) in base 9?
-53870
Convert -1110101010110101010001 (base 2) to base 11.
-2197170
-d6954c (base 15) to base 6
-1002435313
What is 126210 (base 13) in base 15?
8ae33
What is 35460 (base 15) in base 14?
45c04
What is -232411321 (base 5) in base 11?
-664609
What is -314244114 (base 5) in base 9?
-2434128
-21030001 (base 8) to base 5
-2120444422
What is -433014022 (base 6) in base 5?
-3432403124
Convert -31452 (base 14) to base 16.
-1d040
What is -563588 (base 11) in base 5?
-212212140
13ca66 (base 13) to base 5
111010424
What is 27a81a (base 13) in base 8?
3536342
What is -11223653 (base 7) in base 6?
-33005305
Convert -35553 (base 13) to base 9.
-157763
-1111020222100 (base 3) to base 8
-3013525
316ba (base 12) to base 16
fdae
What is 1282a5 (base 11) in base 10?
201338
Convert 134533 (base 12) to base 9.
535163
Convert 101112111120 (base 3) to base 4.
302220222
Convert 12013132 (base 5) to base 12.
53a95
What is fae4f (base 16) in base 8?
3727117
Convert 2120052 (base 6) to base 9.
167235
Convert 220222101211011 (base 3) to base 7.
220554244
Convert 19161c (base 16) to base 14.
30b20c
Convert -2b39a1 (base 15) to base 10.
-2087926
344460b (base 12) to base 8
46241153
What is -25113342 (base 7) in base 15?
-2e8580
What is -357453 (base 9) in base 12?
-a4803
What is -654645 (base 7) in base 13?
-401a3
What is 19429b (base 12) in base 4?
1230012113
2c97d5 (base 14) to base 15
20d130
63641 (base 15) to base 4
1030332112
Convert 101001100010010000100000 (base 2) to base 4.
221202100200
What is -88a9 (base 14) in base 8?
-56165
Convert -16139 (base 14) to base 9.
-83552
-143846 (base 9) to base 10
-88170
What is -11211102012 (base 3) in base 6?
-2012052
30643 (base 8) to base 2
11000110100011
Convert -31133414 (base 5) to base 16.
-3e5fc
What is 483510 (base 11) in base 7?
6340031
Convert -2669dd (base 14) to base 10.
-1324567
Convert -7214502 (base 8) to base 6.
-104512430
What is 4470511 (base 8) in base 16?
127149
Convert 13168266 (base 9) to base 7.
106044156
2801 (base 10) to base 14
1041
Convert 60553 (base 15) to base 5.
34224303
What is 13256346 (base 7) in base 12?
4b0650
1844227 (base 11) to base 5
1244433003
What is -200113222 (base 4) in base 10?
-132586
a8209 (base 12) to base 5
24041411
Convert 481565 (base 9) to base 8.
1066125
Convert 1140 (base 7) to base 4.
12210
96164 (base 10) to base 6
2021112
Convert 30302000001 (base 4) to base 7.
40323210
Convert 617a0 (base 13) to base 14.
47a32
Convert 301031234 (base 5) to base 15.
1876e9
What is -10011001101001111000 (base 2) in base 7?
-5230615
What is 314025223 (base 6) in base 10?
5509167
-563112 (base 7) to base 5
-11141103
-48928 (base 10) to base 13
-19369
Convert 2833275 (base 9) to base 16.
17c37e
What is -217078 (base 10) in base 8?
-647766
Convert 223366331 (base 7) to base 6.
1203231345
-2c536e (base 15) to base 11
-1234824
What is -1000202212211 (base 3) in base 5?
-114443124
-5213224 (base 6) to base 14
-675cc
-1504014 (base 6) to base 12
-4200a
Convert 223220121311 (base 4) to base 2.
101011101000011001110101
What is 1331213 (base 4) in base 7?
32303
12aa281 (base 12) to base 6
211253441
Convert 13010222 (base 5) to base 7.
1032302
Convert 2329d0 (base 16) to base 13.
628bb6
230413230 (base 5) to base 2
11111011010001000110
What is -7330089 (base 10) in base 16?
-6fd929
What is 42465 (base 10) in base 15?
c8b0
What is 1011101100110110000 (base 2) in base 13?
10568c
9bd53d (base 14) to base 4
110031313303
-1824c3b (base 14) to base 16
-b5eba5
Convert -31047 (base 9) to base 14.
-7651
5423c0 (base 13) to base 6
110203022
What is -33131303032 (base 4) in base 13?
-abc463
-453155351 (base 6) to base 4
-133203322303
Convert -3404411 (base 6) to base 4.
-222000313
What is -16886b (base 16) in base 6?
-51352351
-1010011110111100011 (base 2) to base 4
-1103313203
Convert -58678 (base 14) to base 11.
-137850
210112423 (base 5) to base 7
10224313
What is 2699b (base 12) in base 8?
150007
What is 3a0747 (base 12) in base 10?
954919
-340193 (base 10) to base 6
-11142545
What is -10110010011101010011010 (base 2) in base 8?
-26235232
6014331 (base 11) to base 15
e0571d
What is -11a0665 (base 11) in base 4?
-13323301023
56499 (base 14) to base 7
1531452
What is 1400213 (base 6) in base 12?
39069
Convert 1014121141 (base 6) to base 2.
101000010000111000010101
Convert 3307162 (base 9) to base 3.
10100021012002
-649486 (base 10) to base 15
-cc691
What is -11201110211221 (base 3) in base 5?
-1120242413
Convert 406563 (base 10) to base 14.
a8243
Convert 341a4 (base 12) to base 9.
115157
What is 50258 (base 9) in base 6?
412512
Convert -16c51a (base 14) to base 11.
-4a8820
Convert -564e70 (base 15) to base 2.
-1111101101001110000100
-25bec (base 16) to base 14
-404b2
-516573 (base 9) to base 13
-a9767
Convert 210330233 (base 4) to base 15.
2ec98
What is 156a340 (base 12) in base 13?
ba1194
22112333133 (base 4) to base 9
5088110
-324773 (base 8) to base 12
-53137
Convert 683894 (base 14) to base 8.
15412212
What is -41572 (base 14) in base 9?
-260026
What is -1110101101111100101 (base 2) in base 13?
-13b693
What is 3522872 (base 9) in base 10?
1904861
-263b0 (base 13) to base 6
-1304254
Convert -234b99 (base 12) to base 4.
-2022302211
-21002311212 (base 4) to base 3
-11110110021210
What is -220222311 (base 4) in base 16?
-28ab5
40662240 (base 7) to base 10
3410232
What is -34141354 (base 8) in base 3?
-111220110002012
What is -422333221 (base 5) in base 4?
-12232012112
41041 (base 5) to base 8
5126
Convert 1110101101011010011110 (base 2) to base 14.
72538a
What is 153530 (base 7) in base 14?
ad87
What is 240133310 (base 5) in base 2?
100001100010111000101
Convert 27241 (base 11) to base 12.
1a606
41193 (base 16) to base 15
54013
120b76 (base 15) to base 12
357663
8327 (base 13) to base 4
10123010
34544630 (base 8) to base 2
11100101100100110011000
24938a (base 12) to base 15
bbbed
Convert -15556601 (base 8) to base 5.
-1410030044
11162216 (base 9) to base 10
5414460
Convert -66284 (base 10) to base 5.
-4110114
-101010211122220 (base 3) to base 10
-5389980
What is 1344443 (base 8) in base 16?
5c923
2222431344 (base 5) to base 4
102221233333
Convert -108a432 (base 12) to base 14.
-5c723c
11323101132 (base 4) to base 16
17b45e
Convert 6c5ced (base 16) to base 9.
14323602
5959991 (base 10) to base 3
102012210120102
53420 (base 6) to base 11
552